ded by 77?
9
Calculate the remainder when 4300 is divided by 287.
282
Calculate the remainder when 28138 is divided by 27.
4
What is the remainder when 7662 is divided by 1523?
47
Calculate the remainder when 3368 is divided by 1112.
32
What is the remainder when 4407 is divided by 50?
7
Calculate the remainder when 54237 is divided by 3613.
42
What is the remainder when 2767 is divided by 62?
39
What is the remainder when 36589 is divided by 5?
4
Calculate the remainder when 22125 is divided by 22116.
9
Calculate the remainder when 5558 is divided by 4494.
1064
Calculate the remainder when 415 is divided by 68.
7
Calculate the remainder when 12028 is divided by 429.
16
Calculate the remainder when 265657 is divided by 267.
259
Calculate the remainder when 1197 is divided by 41.
8
What is the remainder when 13133 is divided by 355?
353
What is the remainder when 638117 is divided by 280?
277
What is the remainder when 10385 is divided by 49?
46
What is the remainder when 180 is divided by 3?
0
What is the remainder when 21795 is divided by 173?
170
What is the remainder when 1262495 is divided by 505?
500
Calculate the remainder when 1160 is divided by 41.
12
What is the remainder when 18039 is divided by 52?
47
What is the remainder when 57652 is divided by 140?
112
What is the remainder when 2539 is divided by 829?
52
Calculate the remainder when 1690 is divided by 382.
162
What is the remainder when 100087 is divided by 16?
7
What is the remainder when 61275 is divided by 7?
4
What is the remainder when 67825 is divided by 95?
90
Calculate the remainder when 100993 is divided by 7209.
67
Calculate the remainder when 33459 is divided by 1397.
1328
What is the remainder when 2781 is divided by 16?
13
Calculate the remainder when 76101 is divided by 718.
711
What is the remainder when 142386 is divided by 126?
6
Calculate the remainder when 731 is divided by 80.
11
What is the remainder when 7536 is divided by 539?
529
What is the remainder when 67103 is divided by 58?
55
Calculate the remainder when 157482 is divided by 14.
10
Calculate the remainder when 5386 is divided by 86.
54
Calculate the remainder when 56177 is divided by 46.
11
What is the remainder when 1163 is divided by 723?
440
What is the remainder when 83930 is divided by 16?
10
What is the remainder when 7688 is divided by 75?
38
Calculate the remainder when 2936 is divided by 53.
21
What is the remainder when 235163 is divided by 3855?
8
What is the remainder when 186591 is divided by 17?
16
What is the remainder when 422944 is divided by 311?
295
Calculate the remainder when 6760 is divided by 106.
82
What is the remainder when 7987 is divided by 2652?
31
What is the remainder when 131663 is divided by 43?
40
Calculate the remainder when 3278259 is divided by 53.
50
Calculate the remainder when 49353 is divided by 99.
51
What is the remainder when 73945 is divided by 73935?
10
Calculate the remainder when 1555 is divided by 1104.
451
What is the remainder when 7002 is divided by 3480?
42
Calculate the remainder when 118596 is divided by 1744.
4
Calculate the remainder when 836 is divided by 8.
4
What is the remainder when 7242 is divided by 1655?
622
What is the remainder when 88072 is divided by 25?
22
What is the remainder when 56164 is divided by 468?
4
What is the remainder when 6667 is divided by 2219?
10
Calculate the remainder when 1488 is divided by 28.
4
What is the remainder when 18601 is divided by 29?
12
What is the remainder when 114603 is divided by 7?
6
What is the remainder when 324195 is divided by 46311?
18
Calculate the remainder when 32850 is divided by 6569.
5
What is the remainder when 5482 is divided by 51?
25
What is the remainder when 366422 is divided by 907?
901
What is the remainder when 2045 is divided by 562?
359
What is the remainder when 5067 is divided by 39?
36
Calculate the remainder when 50901 is divided by 404.
401
What is the remainder when 312557 is divided by 16?
13
What is the remainder when 73000 is divided by 422?
416
What is the remainder when 3320 is divided by 319?
130
Calculate the remainder when 2486 is divided by 41.
26
Calculate the remainder when 60801 is divided by 487.
413
What is the remainder when 18004 is divided by 8946?
112
What is the remainder when 18669 is divided by 6214?
27
What is the remainder when 1017 is divided by 344?
329
What is the remainder when 17183 is divided by 465?
443
Calculate the remainder when 84666 is divided by 209.
21
Calculate the remainder when 753 is divided by 51.
39
What is the remainder when 913571 is divided by 198?
197
Calculate the remainder when 87711 is divided by 198.
195
What is the remainder when 11537 is divided by 296?
289
What is the remainder when 78115 is divided by 180?
175
Calculate the remainder when 137422 is divided by 45788.
58
What is the remainder when 16456 is divided by 59?
54
Calculate the remainder when 636349 is divided by 50.
49
Calculate the remainder when 5552 is divided by 101.
98
What is the remainder when 21102 is divided by 173?
169
What is the remainder when 22788 is divided by 743?
498
Calculate the remainder when 22731 is divided by 7567.
30
What is the remainder when 6090 is divided by 80?
10
What is the remainder when 4199 is divided by 1015?
139
Calculate the remainder when 11967 is divided by 656.
159
What is the remainder when 23570 is divided by 71?
69
Calculate the remainder when 5635 is divided by 125.
10
Calculate the remainder when 11563 is divided by 14.
13
Calculate the remainder when 51944 is divided by 222.
218
What is the remainder when 253399 is divided by 257?
254
Calculate the remainder when 17455 is divided by 727.
7
Calculate the remainder when 227931 is divided by 8.
3
Calculate the remainder when 7443 is divided by 220.
183
What is the remainder when 1268 is divided by 549?
170
What is the remainder when 12085 is divided by 484?
469
Calculate the remainder when 505265 is divided by 1579.
1564
What is the remainder when 2252958 is divided by 250328?
6
Calculate the remainder when 73437 is divided by 180.
177
What is the remainder when 271954 is divided by 260?
254
Calculate the remainder when 73945 is divided by 41.
22
Calculate the remainder when 1087233 is divided by 85.
83
What is the remainder when 101591 is divided by 413?
406
What is the remainder when 2761 is divided by 283?
214
Calculate the remainder when 41423 is divided by 41.
13
Calculate the remainder when 30489 is divided by 4.
1
Calculate the remainder when 7490 is divided by 1461.
185
Calculate the remainder when 47629 is divided by 11.
10
Calculate the remainder when 14297 is divided by 170.
17
What is the remainder when 2884 is divided by 861?
301
Calculate the remainder when 41779 is divided by 1071.
10
What is the remainder when 10556 is divided by 57?
11
What is the remainder when 26407 is divided by 95?
92
What is the remainder when 4522 is divided by 822?
412
What is the remainder when 135972 is divided by 45318?
18
What is the remainder when 67740 is divided by 464?
460
Calculate the remainder when 195748 is divided by 33.
25
Calculate the remainder when 8818 is divided by 2200.
18
What is the remainder when 33451 is divided by 26?
15
Calculate the remainder when 3570 is divided by 1172.
54
Calculate the remainder when 81829 is divided by 835.
834
Calculate the remainder when 110119 is divided by 47.
45
Calculate the remainder when 5292329 is divided by 335.
334
What is the remainder when 9700 is divided by 21?
19
What is the remainder when 10223 is divided by 917?
136
Calculate the remainder when 4881 is divided by 4259.
622
Calculate the remainder when 1163 is divided by 128.
11
What is the remainder when 20571 is divided by 1566?
213
Calculate the remainder when 381639 is divided by 8.
7
What is the remainder when 217352 is divided by 1138?
1132
What is the remainder when 9207089 is divided by 922?
919
What is the remainder when 12478 is divided by 1779?
25
Calculate the remainder when 52871 is divided by 363.
236
Calculate the remainder when 58181 is divided by 34.
7
Calculate the remainder when 54567 is divided by 107.
104
Calculate the remainder when 4606 is divided by 7.
0
Calculate the remainder when 80169 is divided by 153.
150
What is the rema